hat is the tens digit of v?
7
Suppose -49721 + 101928 = 17*g. What is the units digit of g?
1
Let n(w) = -54*w + 20. Let c(x) = 214*x - 79. Let z(q) = -4*c(q) - 18*n(q). What is the units digit of z(5)?
6
Let u = -10 + 21. Let t(n) be the first derivative of -n**4/4 + 11*n**3/3 + 3*n**2 + 27*n + 490. What is the units digit of t(u)?
3
Suppose -12 = -p - 2*c, 3*c - 5*c + 14 = 2*p. Let l be (-39 - 10/p)*1. Let s = l - -52. What is the units digit of s?
8
Suppose 3*q = 4*m + 510, 512 = -4*m + 6*q - 2*q. What is the units digit of (m/(-15))/((-21)/(-560))?
4
Suppose 80475 - 57264 = 8*x - 550309. What is the tens digit of x?
9
Let u(j) = -1545*j**3 + 2*j**2 - 2*j - 4. Let n(l) = 40*l - 201. Let d be n(5). What is the tens digit of u(d)?
4
Let f = 63 + -78. What is the units digit of ((-1520)/24)/(5/f)?
0
What is the units digit of 14/6*50208312/2156?
8
What is the thousands digit of 41682/4 - 35/(-70)?
0
Suppose -3*a - 5 = -5. Let y be 2/(a + 2)*3. Suppose 0 = -0*b + y*b - 384. What is the tens digit of b?
2
Let z(g) = 29*g**2 - 37*g - 155. What is the hundreds digit of z(12)?
5
Suppose 0 = 9*l - 74 - 43. Suppose 0 = 5*z + 3*s - 2*s - l, -5*s = -5*z + 25. Suppose -4*a = d - 313, -z*a + 236 = -2*d + 3*d. What is the units digit of a?
7
Let l = 19313 - 11541. What is the thousands digit of l?
7
Let j = -76 + 70. Let g be 0/(-2)*j/(0 + 24). Suppose t = 4*k + 91, g = -2*t + 6*k - 3*k + 202. What is the tens digit of t?
0
Let v(n) = 24*n**2 + 14*n + 5. Let q(p) = -5*p + 229. Let l be q(47). What is the units digit of v(l)?
5
Let g(d) = 47*d**2 - 49*d + 703. What is the hundreds digit of g(19)?
7
Let t(s) = -3*s**2 + 6. Let n be t(5). Let d = 309 - 471. Let v = n - d. What is the tens digit of v?
9
Let u(q) = 6*q**2 - 2*q + 6. Let h be u(3). Let g be h/12*4/(-6). Let j(x) = 3*x**2 - 2*x - 4. What is the units digit of j(g)?
9
What is the tens digit of (49/(-21))/(-7)*91239?
1
Suppose 60*s = 218*s - 8283940. What is the tens digit of s?
3
What is the hundreds digit of 130/208 + (-1773378)/(-48)?
9
Let p = -6694 + 17440. What is the units digit of p?
6
Let y(s) = 2*s + 6. Let x(a) = -a - 1. Let c(v) = -6*x(v) + y(v). Suppose 124 = 14*z + 40. What is the units digit of c(z)?
0
Suppose 4116*t = 4103*t + 109993. What is the hundreds digit of t?
4
Let b(q) = 244*q - 272. Let o be b(15). Suppose -z + 3400 = 4*d, 43*d - o = 39*d + 2*z. What is the hundreds digit of d?
8
Let i(y) = y**2 - 4*y + 21. Let m be i(0). Let l be 20/(-16) + 1 - m/(-4). Suppose -4*r + 431 = -4*p - p, -3*p - 542 = -l*r. What is the hundreds digit of r?
1
Let x(q) = -q**2 + 20*q + 70. Let h be x(-5). Let u = 160 - 17. Let s = u + h. What is the tens digit of s?
8
Let w = -5060 - -15875. What is the thousands digit of w?
0
Suppose -r + o + 128 = -79, o = -2*r + 429. Suppose -i + 8 = -r. Suppose 0 = -j - 27 + i. What is the tens digit of j?
9
Suppose -3*b - 4394 = -m + 1660, 3*b - 18222 = -3*m. What is the thousands digit of m?
6
Suppose 4*t - 35453 - 647 = 0. What is the tens digit of t?
2
Suppose 22*x = -3*x + 12725. Let w = 1592 - x. What is the thousands digit of w?
1
Suppose -5*g + 7*g = -2*d + 14472, 3*g - 14470 = -2*d. What is the thousands digit of d?
7
Let r(i) = -5*i**3 + 3*i**2 + 56*i - 38. What is the tens digit of r(-11)?
6
Suppose -3*s = -m + 20019, 3*s - 906 = 5*m - 101109. What is the tens digit of m?
4
Suppose -m + 13892 + 11149 = 4*a, -a + 6249 = 4*m. What is the thousands digit of a?
6
Let l = 7853 - 2886. What is the hundreds digit of l?
9
What is the tens digit of 14736/(-1842)*(-6269*1/(-2))/(-1)?
7
What is the units digit of ((-3)/12*2126)/(90/(-84) + 1)?
1
Let n = 11594 - 7277. What is the tens digit of n?
1
Let f be 4/((-28)/(-39571)) + (-4)/(-2). Suppose f = -4*r + 9*r. What is the hundreds digit of r?
1
What is the tens digit of (-11 + 27911/39)*6?
2
What is the hundreds digit of ((-1584)/11)/(-6)*27205/20?
6
Let i be 16/(-168) + (-710)/42. Let z(w) = 3*w**2 - 3*w + 99. What is the units digit of z(i)?
7
Suppose 3*n + 7255 = 4*n - r, r = 3*n - 21759. Let i be (-6)/(-10) - n/20. Let p = i + 548. What is the tens digit of p?
8
Suppose -3815 + 33425 = -45*j. Let k = j + 777. What is the hundreds digit of k?
1
Let t be (-2)/(-10) + 7898/10. Suppose 0 = -5*o - 5*c + t, -2*o + 231 = -5*c - 78. What is the hundreds digit of o?
1
Let u be (1698/(-1981))/(-3*(-1)/(-14)). Suppose -2*h = -2*k - 2114, k = u*h + 2*k - 4248. What is the hundreds digit of h?
0
Let x(f) = -9*f + 477. Let n be x(0). Suppose -3*a - 48 - n = 0. What is the units digit of -4*a/10 - -4?
4
Suppose -10*s + 3 = -7*s. Let z be 4 - (2/s - 3). Suppose 5*q - 6*q + 48 = -4*m, -5*q = -z*m - 315. What is the units digit of q?
8
Let s(u) be the second derivative of -35/3*u**3 + 0 - 15/2*u**2 + 7*u. What is the hundreds digit of s(-2)?
1
Let n be (-17)/17 + 0/1. What is the units digit of (-5)/(30/(-306)) + n/1?
0
What is the units digit of (2561832/308 - 28) + (-8)/(-22)?
0
Suppose -2000*m + 1989*m + 116842 = 0. What is the units digit of m?
2
Let d be (18/21)/(3/(-21)). What is the tens digit of (-1 - -1) + (-3 - d) + 227?
3
Suppose 0 = -q - 4*q - 60. Let v = q - -24. What is the units digit of (-10)/(-2)*v + -3?
7
Suppose v + 4*t = 11 + 19, -5*t = 5*v - 75. Suppose l - 2*x + v = -3*l, 15 = -4*l - 3*x. What is the units digit of 72/1 + l - (-3)/(-3)?
8
Let n(d) = -8*d + 17. Let w be n(8). Let l = 47 + w. Suppose l*v - 2*v + 162 = 0. What is the units digit of v?
1
Suppose -1 = 4*l - h, -h + 2*h = -2*l + 1. Let m(j) = 3*j**2 + 38 - 24 + l*j**2 - 13*j. What is the units digit of m(6)?
4
Suppose 5*i = 2*t - 27 + 9, 0 = 4*t + 2*i - 12. What is the thousands digit of 176*(10/t)/((-50)/(-120))?
1
Suppose 23*r + 24*r = 36989. Suppose r*b - 3871 = 780*b. What is the units digit of b?
3
Let i(d) = 3*d**3 + 8*d - 9. Suppose 11*s + 20 = 16*s. Let j be i(s). Suppose -2*y = 10, -y = 5*n + y - j. What is the tens digit of n?
4
Let v be 24459/33 - 32/176. Suppose 2*w - v - 104 = -q, -4*q + 2*w + 3340 = 0. What is the hundreds digit of q?
8
Let f = 13248 - 9462. What is the thousands digit of f?
3
Let x(m) = 105*m - 64. Let c(i) = 208*i - 129. Let y(q) = 2*c(q) - 5*x(q). What is the tens digit of y(-5)?
0
Let y = -500 + 495. What is the hundreds digit of 640 + (y/30 - (-13)/6)?
6
Suppose -5*m + 19 = -3*d, 5*m = d - 0*d + 23. Suppose -3*r = -k + 1139, d*r = -2*k + 5*r + 2281. What is the units digit of k?
2
Suppose 34194 = -15*d + 136329. What is the tens digit of d?
0
Let a(x) be the second derivative of x**4/12 + 59*x**3/6 - 3*x**2 - 12*x - 2. What is the tens digit of a(5)?
1
What is the tens digit of 2/12*(-135)/18 - 58155/(-60)?
6
Let v be (-6)/(-2) - 5/1. Let o be (-38)/(-4) + (-1)/v. Suppose 5*h + 395 = o*h. What is the units digit of h?
9
Let j = -1 + 6. Suppose -9*o + 1548 = -j*o. What is the units digit of o?
7
Let a(p) = p**3 + 9*p**2 + 3*p + 18. Let c be a(-9). Let n(o) = 6*o**2 + 10*o - 20. Let f be n(c). Let k = f + -268. What is the units digit of k?
8
Let o(l) = -27*l - 15. Let y be o(8). Let a = y - -128. Let u = a + 150. What is the tens digit of u?
4
Let v(x) = x**3 + 161*x**2 - 246*x - 554. What is the hundreds digit of v(-161)?
0
Suppose 0 = 7*g - 9*g + 6. Suppose 38 = -2*j + g*j. Let y = j + -1. What is the units digit of y?
7
Let m = 117392 + -66118. What is the units digit of m?
4
Let s = -79 + 77. Let k be (306/4)/(-9) + 1/s. What is the hundreds digit of 2 + (-28)/12 - 1767/k?
1
Suppose 0 = -2*l + 4*p + 6058, 4*p = 26 - 10. Suppose -16*n + l = -163. What is the tens digit of n?
0
Suppose 3*g = -4*o + 9888, g + 2*g - 2*o = 9888. Suppose 39*f = 35*f + g. What is the units digit of f?
4
Let f be ((6 - 3) + -3)/3 - -54. Suppose -f*h + 49*h = 30. What is the tens digit of h/8*2*-18?
2
Let l(o) = o**2 - 6 + 2 + 6*o**2 + 18*o - 5. Let j be l(-10). Suppose j = 7*g - 770. What is the tens digit of g?
8
Suppose -5*a - 2*g - 13 + 88 = 0, -5*a + 50 = -3*g. Let i(h) = h**2 - 6*h + 8. Let k be i(6). Suppose 0 = c + k - a. What is the units digit of c?
5
Let i = 5 + -5. Let d = 127 + -21. Suppose d = 3*m - 3*f + f, 4*f - 16 = i. What is the units digit of m?
8
Suppose -3*w - 592 = h, w = -0*h - h - 200. Suppose -12*x + 9696 = 8*x + 4*x. Let l = w + x. What is the hundreds digit of l?
2
What is the thousands digit 